
6
Suppose 3*f = 4*l - 10, -2*l + 2*f = -5 + 1. Let b(h) = -h**3 + 6*h**2 + 3*h - 6. Let o be b(l). Suppose 3*z - 2*z = o. What is the tens digit of z?
3
Suppose o = -o + 114. Let r = 89 - o. Suppose 0 = 5*n - r - 3. What is the units digit of n?
7
What is the thousands digit of 92814/30 + (-1)/(-5)?
3
What is the units digit of ((-1711)/(-174))/((-2)/(-132))?
9
Suppose 1274 = z - 155. What is the thousands digit of z?
1
Let f(g) = 2 - 5 + 13*g - 6. Suppose -o - 4*l = 9, 4*o - l = 5*o. What is the units digit of f(o)?
0
Suppose 3*w + 4*k - 15195 = 0, 2*w + 20*k = 17*k + 10129. What is the units digit of w?
9
Let o(a) = 8*a + a**2 + a + 4*a + 0*a**2 + 17. Let y be o(-12). Suppose 2*t - 10 = 4*t, 0 = -3*w - y*t + 104. What is the units digit of w?
3
What is the hundreds digit of ((-371)/(-1))/(1/1)?
3
Suppose -230 = -8*b + 114. What is the tens digit of b?
4
What is the tens digit of 2514 + (-10 + 18 - 6)?
1
Let j(h) = -317*h + 155. What is the thousands digit of j(-4)?
1
Suppose 4 = 5*x - 11, 3*x - 171 = 2*l. Let c = l - -202. Suppose -v = -3*s - 27, 39 = 4*v + s - c. What is the tens digit of v?
3
Suppose -393 = -2*s + 439. What is the tens digit of s?
1
Suppose -5*p - q - 4*q = -15, 6 = 2*p - 4*q. Suppose -3*o = p*o - 540. What is the units digit of o?
0
Let u(h) = h**3 - h + 40. Let c be u(0). Let i = c + 90. What is the tens digit of i?
3
Let a be -4 - (2 - 1)*2. What is the tens digit of (-100)/(-6) - 2/a?
1
Suppose -32*m = -38*m + 2094. What is the hundreds digit of m?
3
Let k(z) = z**3 - 12*z**2 - 11*z + 27. Let m(q) = -q + 13. Let u be m(0). What is the units digit of k(u)?
3
Let i(y) = -y**2 + y + 97. Let h be i(0). Let m = 14 - h. Let q = -59 - m. What is the tens digit of q?
2
Suppose -m = -0*m + 6. Let d = m + 6. Suppose -x + 12 + 28 = d. What is the units digit of x?
0
What is the hundreds digit of (363 - 365)*(467/(-2) - 0)?
4
Let x be -20*(2/8)/(-1). Suppose -x + 17 = 3*r. Suppose -r*y + 20 + 12 = 0. What is the units digit of y?
8
Let b = 50 - 46. Suppose -b*g = -7*g - 9, -3*u - 4*g = -105. What is the tens digit of u?
3
Suppose 3*j - c - 3*c - 2690 = 0, 5*c = -3*j + 2645. What is the units digit of j?
0
Suppose 5*s = -4*m + 902 + 1183, s + 2079 = 4*m. What is the units digit of m?
0
Let g = -668 + 1709. What is the units digit of g?
1
Suppose r - 9 = -4*h + 15, 4*r + 4*h - 36 = 0. Suppose r + 94 = 4*u - 2*w, w - 5 = 0. What is the units digit of u?
7
Suppose -3*h = -1 + 1. Suppose -3*u + c = -3*c - 280, h = -u + 3*c + 90. What is the tens digit of u?
9
Suppose 34*g - 2180 = 30*g. Suppose 7*x = g + 148. What is the units digit of x?
9
Suppose 5*k = -5*g + 7045, -4*g - 4192 = -7*k + 4*k. What is the units digit of k?
4
Let q(f) = -f**3 - 7*f**2 - 6*f + 3. Let d be q(-6). Suppose -r - 3*n + 39 - 15 = 0, 2*r = -d*n + 42. What is the units digit of r?
8
Let q(t) = -6*t**3 - 4*t**2 - 8*t - 10. Let f(x) = -x**3 - 3*x**2 + 3*x - 7. Let o be f(-4). What is the tens digit of q(o)?
4
Let g(f) = f**3 - 6*f**2 - 5*f + 28. Let h be g(6). Let a = h - -128. What is the hundreds digit of a?
1
Let g be (-4)/(-10) + 0 + (-10101)/(-185). Suppose -4*f = 5*z - g, -5*z - 2*f - 9 + 74 = 0. What is the tens digit of z?
1
Let p(a) = -4*a**3 - a**2 - 2*a - 2. Let j be p(-3). Suppose 3*v - j = 4*r, 0 = 7*v - 3*v + 2*r - 152. What is the tens digit of v?
3
Let y be (-342)/36 - 1/2. What is the units digit of ((-4)/y)/(3/15)?
2
Suppose 6*p + p - 7 = 0. What is the hundreds digit of 209*(5 + -4 + 0) + p?
2
Suppose -z = z + 4*w - 128, -3*w - 183 = -3*z. Suppose 0*n - 49 = 7*n. Let x = n + z. What is the tens digit of x?
5
Suppose -o + 0*o - 416 = 0. Let n be (2 + o/(-12))*3. Let k = n - 59. What is the units digit of k?
1
What is the units digit of 6/4 + ((-4776)/(-16) - -4)?
4
Let v be 1/(1 - (-28)/(-26)). Let q = -7 - v. Let f = q - 0. What is the units digit of f?
6
Suppose -22*g = -9*g - 41977. What is the units digit of g?
9
What is the units digit of 4/(120/(-825))*(-1048)/5?
4
Let h(c) = 12*c**3 + c**2 - 2. Let s be (-12)/(-8)*(-24)/(-18). What is the tens digit of h(s)?
9
Let p = 4362 - 2124. What is the tens digit of p?
3
Suppose -4*k - 254 + 1791 = x, -k + 388 = x. What is the tens digit of k?
8
Let c = -19 - -19. Suppose 0 = -g - c + 2. Suppose -j + 75 = g*j. What is the units digit of j?
5
Let x(u) = -u**3 + 7*u**2 - 4*u + 5. Suppose 0 = 4*c - 2*w - 21 - 1, 2*w = -2. Let h be x(c). What is the units digit of -2 + h + 4 + -1?
6
Suppose 3*j - 5*t = -t - 56, 0 = -4*j - 3*t - 33. Let l be (12/10)/(j/(-210)). Suppose 3*c - l - 12 = 0. What is the tens digit of c?
1
Suppose 17 = 5*f + 67. Let b be 4037/(-55) - 4/f. Let w = -41 - b. What is the units digit of w?
2
Suppose 4*a = -l - 18, -l - 2*l = -2*a - 2. Let h(t) = 14*t + 3. Let d(u) = 14*u + 3. Let f(q) = 4*d(q) - 5*h(q). What is the tens digit of f(l)?
2
Suppose -11*z = 77 + 231. Let f = z + 48. What is the units digit of f?
0
Let f = 2442 - 2049. What is the units digit of f?
3
What is the tens digit of (1*(-5)/(-10))/((-6)/(-13656))?
3
Let d(j) = 38*j - 16. Let f(b) = -b + 1. Let n(m) = -d(m) - f(m). What is the hundreds digit of n(-6)?
2
Suppose z = -2*n + 1827, 13 - 7 = -3*n. What is the hundreds digit of z?
8
Suppose 5*k - s - 15 = 0, 10*k - 5*k - 5 = -s. Suppose y + 4*q = 194, -k*y + 4*q + 0*q = -412. What is the hundreds digit of y?
2
Let r be 12/(1/1)*(-2)/(-8). Suppose -2*o + 346 = r*c + 56, -3*o + 401 = -4*c. What is the hundreds digit of o?
1
Suppose -5*v - 646 = -3*p, 3*p + 3*v - 655 = -v. Let q = p + -116. Suppose -2*h = 3*w - 73, 3*w - 5*h - q = -0*h. What is the tens digit of w?
2
Suppose 34*d = 29293 + 20551. What is the units digit of d?
6
Let c = 71 - 147. What is the tens digit of 2*(c/(-8) + 1)?
2
Suppose -4*m - 128 = -8*m. What is the units digit of ((-54)/(-4) + -3)/(3/m)?
2
Suppose 2*w = -2*w. Suppose 24*l - 26*l + 142 = w. What is the tens digit of l?
7
What is the hundreds digit of 1468*((-15)/30)/(2/(-3))?
1
Let z(d) = -d**2 + 18*d + 46. Let m be z(18). What is the tens digit of (-144)/(-32)*m/3?
6
Let h = -454 - -652. Suppose 0 = -4*s + 38 + h. What is the units digit of s?
9
Suppose 0 = -2*u - 3*l, 0 = -2*u + 3*u - 5*l - 13. Suppose 0 = -u*m - j + 299, -4*m = -8*m - 4*j + 396. What is the units digit of m?
0
Suppose -161 = 6*d - 2585. What is the units digit of d?
4
Let a = -7 + 41. Suppose -31 = -5*b + a. Let m = 15 - b. What is the units digit of m?
2
Let n(q) = 2*q**2 - 29*q - 10. Let j be n(15). Suppose -37 - 58 = -j*c. What is the units digit of c?
9
Suppose -5*j + 3*z + 1145 = 0, 3*z + 217 = j - 0*z. Let t = j + -100. What is the tens digit of t?
3
Suppose -4*d - 2*b = -0*b + 48, 5*d + b + 57 = 0. Let a = 4 + d. Let s(y) = -4*y - 8. What is the units digit of s(a)?
0
What is the hundreds digit of ((-2)/3)/(6/(-5787))?
6
Let z(u) = 2*u**3 + 32*u**2 - 32*u + 47. What is the thousands digit of z(-14)?
1
What is the tens digit of 455/2 - (-20)/(-40)?
2
What is the tens digit of (-2916)/(-8)*176/66?
7
What is the units digit of (-134)/871 + (-142668)/(-39) + 3?
1
Suppose 0 = 4*j - 3*j - 34. Suppose 0 = 4*i - 14 - j. What is the units digit of i?
2
Suppose 5*i = 2*x - 172, -4*x + 2*i + 409 = x. Let j = x - -13. What is the tens digit of j?
9
Suppose 0 = -5*i + 2124 - 464. What is the units digit of i?
2
Let y(d) be the third derivative of d**5/60 - d**4/12 - 4*d**3/3 - 5*d**2. Let s be y(-4). Let m = s - 14. What is the units digit of m?
2
Let d be 1448/(-12) + ((-1)/3)/1. Let v = d - -230. What is the units digit of v?
9
Suppose 793*f + 108 = 799*f. Suppose -3*o - 2*o = -15. What is the tens digit of f/(-7)*(-28)/o?
2
Let f(y) = -2*y**3 + 52*y**2 + y + 113. What is the units digit of f(26)?
9
Let r(t) = -3*t - 21. Let a(p) = -1. Suppose 0 = 4*i + 2 - 6. Let s(q) = i*r(q) - 6*a(q). What is the units digit of s(-13)?
4
Let f(j) = j**3 + 9*j**2 + 13*j - 2. Let h be f(-7). Suppose 975 + h = 14*p. What is the units digit of p?
0
Let l(w) = 11*w + 99. What is the units digit of l(24)?
3
Suppose 5*r + 0*n + n = 1597, 2*r + 5*n - 625 = 0. What is the units digit of r?
0
Let x be 1/(-2) - (-78)/(-4). Let m = 22 + x. Suppose 0 = -m*u - u + 99. What is the tens digit of u?
3
Suppose 2*q = -3*h + 2808, 5*q - 10*h = -14*h + 7034. What is the units digit of q?
0
Let m be -1*1/(0 